= -56 + 146. Let i be (-1 + (-9)/(-6))*-14. Let u = 22 + i. Calculate the greatest common divisor of p and u.
15
Suppose 4*x = -2*a + 10, 5*x = a + 4*a + 5. What is the greatest common factor of 2 and x?
2
Let l = 35 - 21. Let f = -28 + 42. Calculate the highest common factor of f and l.
14
Let y(n) = -n + 190. Let s be y(0). Let v(w) = w**2 - w - 7. Let m be v(6). Let o = m - 4. Calculate the highest common divisor of s and o.
19
Suppose 0 = 3*i - 245 - 55. What is the greatest common divisor of i and 40?
20
Let j = 25 + -15. Let i be (-2)/(-1)*-2*(-30)/12. What is the highest common divisor of i and j?
10
Let t be (2 + -14)*2/(-6). Let m = 132 + t. Let n be (-135)/(-8) + 3/24. Calculate the highest common divisor of m and n.
17
Let b = 2 - -52. Calculate the highest common factor of 54 and b.
54
Suppose -l - 1 = 0, -2*o = 2*l + 32 - 80. Let t = 13 + 5. Let j be t/(-12) + (-53)/(-2). Calculate the highest common divisor of j and o.
25
Let o(v) = 4*v**2 + 9*v**2 - v**2 - v. Let i be o(1). What is the greatest common factor of i and 22?
11
Suppose -4*k = u + 15, -u - 1 = 2*u + k. Let v = u + 1. Suppose 5*o - 3*d = -4*d + 354, -272 = -4*o + v*d. What is the greatest common divisor of o and 28?
14
Let c be (-340)/(-14) + (-2)/7. Let a = -12 + 21. Suppose 2*o - a = -3*q, -o = -3*o + 4*q + 16. Calculate the greatest common factor of o and c.
6
Let r = 104 - 59. Suppose 5*b - r = 150. Suppose -4*p + b = -p. Calculate the highest common divisor of p and 104.
13
Let b = 4 + -11. Let v = 22 + b. Suppose -s - s = -150. What is the highest common factor of v and s?
15
Let t = -17 - -24. Let r = 1 + t. Calculate the highest common divisor of 4 and r.
4
Let k be 13 - (7 + -3) - -1. What is the highest common divisor of k and 110?
10
Let b = 24 + -6. Let f be (-79)/(2 - (3 + 0)). Suppose -4*w = -2*d - 95 - f, -5*w + d = -222. What is the greatest common divisor of b and w?
9
Suppose 3*a - 6 = -0. Suppose a*v - 18 - 18 = 0. Calculate the highest common divisor of v and 12.
6
Let f(x) = -3*x**2 + 4*x + 8. Let m be f(4). Let r be 1/3 + (-262)/(-6). Let z = r + m. What is the highest common factor of z and 50?
10
Let k = -36 + 54. Let t be (12 - k)/(2/(-12)). Calculate the highest common factor of 12 and t.
12
Suppose i - 2 = 2*i. Let n = -2 - i. Suppose -c + n*c + 4 = 0. Calculate the highest common divisor of c and 2.
2
Let n = 85 + -78. Calculate the highest common divisor of 7 and n.
7
Let t be (2 - 2)/(-1) - -32. Let r = -2 + 6. Calculate the highest common factor of r and t.
4
Let q(x) = 2*x**2 + 10*x - 4. Let n be q(-7). Calculate the greatest common divisor of 24 and n.
24
Suppose s - 2 = -7. Let t be s/(-1) - (1 - -1). Let i be -1*(3 + (-249)/t). What is the greatest common divisor of i and 10?
10
Suppose -7*m = -3*m. Suppose 0 = 3*o - m*o - 6, -o = 5*d + 3. Let u be (-74)/(-3) - d/3. What is the greatest common factor of 10 and u?
5
Suppose -7*p + 55 = -6*p. Calculate the greatest common factor of 11 and p.
11
Suppose -3*d - 10 = 2, 4*d = 5*a + 69. Let q = a - -49. Suppose g - 5 = -5*r + q, -3*g = 2*r - 98. What is the greatest common divisor of 48 and g?
16
Let c be 10*(-2 + (-52)/(-10)). Suppose -7*g + 2*g + 172 = -2*r, -r - c = -g. Suppose -x = 3*x - g. What is the greatest common divisor of 63 and x?
9
Let j(g) = 28*g**3 + g**2 - g - 1. Let v be j(2). Suppose 5*s - 119 = -3*i, 0 = -2*s - 0*i + 5*i + 60. What is the greatest common divisor of s and v?
25
Let t be 2136/(-32)*(-3 - 1). Let g = t - 179. Let d = -19 + 27. Calculate the highest common divisor of g and d.
8
Suppose -23 = -s - 4*r, 3*s + 2*r = 2*s + 17. Let u(n) = 2*n + 13. Let b be u(-6). Let l be (b + -7)/(6/(-33)). Calculate the highest common factor of l and s.
11
Suppose 0 = 5*q + 10, -3*x + 2*q + 1 - 12 = 0. Let k be x*1*(-2 - 3). What is the greatest common divisor of 225 and k?
25
Let y = -42 + 60. What is the highest common factor of 144 and y?
18
Let t be (-4)/(-10)*(-120)/(-2). Suppose 3*l = l + t. What is the highest common factor of 18 and l?
6
Let n = -58 - -146. Suppose -1 - 2 = 3*j, -28 = -3*x - 5*j. Calculate the greatest common divisor of x and n.
11
Suppose 4*v + 10 = 5*v + 3*i, 0 = -v - 4*i + 10. Let r(g) = g**2 + 3*g. Let u be r(7). What is the greatest common factor of v and u?
10
Let p(t) be the first derivative of -t**3/3 - 4*t**2 + t - 3. Let a be p(-5). Let o = -10 + a. Calculate the greatest common factor of o and 15.
3
Let b = -64 - -99. Suppose -5*u = 2*g - 3*u - 94, -g + 5*u + b = 0. Calculate the greatest common divisor of 5 and g.
5
Suppose 0 = -3*r + 7*r - 4. Let x(i) = 7*i**2 - 1. Let d be x(r). What is the greatest common factor of d and 3?
3
Suppose 0 = -7*p - 26 + 243. Calculate the highest common divisor of 31 and p.
31
Suppose -4*u + 3*u - 2*n = -40, -4*u - 2*n = -160. Calculate the greatest common divisor of 5 and u.
5
Suppose 0 = 3*y - 36 - 54. Calculate the greatest common factor of 45 and y.
15
Let n(c) = c + 6. Let h be n(-4). Calculate the greatest common factor of 22 and h.
2
Let l be (66/(-9))/((-4)/54). Calculate the greatest common factor of l and 11.
11
Let r = -4 + 8. Suppose 16 = -r*h + 6*h. Let n = 30 + 10. What is the highest common divisor of h and n?
8
Let d(t) = 19*t**2 + 2*t + 1. Let s be 4 + -3 + (2 - 1). Let x be d(s). Calculate the highest common factor of 9 and x.
9
Let u(q) = q**3 + 6*q**2 - 7*q - 6. Let t be u(-7). Let w = t - -8. Suppose -210 = -b - w*b. Calculate the highest common divisor of b and 10.
10
Let a = -7 + 10. Calculate the greatest common factor of a and 27.
3
Let x(z) = z**2 - 7*z + 6. Let m be x(7). Suppose -2*s - d + 2 = 0, -3*s - m*d = -5*d - 5. What is the greatest common divisor of 15 and s?
3
Suppose -3*n + 2*n = -3. Let c be 1/((-4)/(-44)) - 1. Suppose -8 = -4*y - 0*y, 0 = 2*o + 3*y - c. Calculate the greatest common divisor of n and o.
1
Let f(b) = -b**2 - 6*b - 5. Let o be f(-5). Let k be (46 + -6)*(1 - o). Calculate the greatest common divisor of 8 and k.
8
Let b = 210 - 56. Suppose 14 = -0*j + j. Calculate the highest common divisor of j and b.
14
Suppose -k - 2*a - 2 = 0, -k - 4*a - 4 - 2 = 0. Suppose 0 = -k*g + 2 + 2. Let n = g + 16. Calculate the greatest common factor of 9 and n.
9
Let o(h) = -h**2 + 15*h - 16. Let c be o(12). What is the highest common divisor of 8 and c?
4
Let a be 66/(-4)*(-2)/3. Let s(q) = -q + 5. Let f be s(0). Suppose 1 = -d + 5*j + 7, d - 16 = -f*j. Calculate the highest common factor of d and a.
11
Suppose 3*v - 5*p = -17, v - 4*p = -0*v - 15. Let w be v/(-4) + 243/12. Suppose 0 = 4*o - 2*o - 100. What is the highest common divisor of w and o?
10
Let v = -12 - -20. What is the greatest common factor of v and 24?
8
Let h be (-1 + -4 + -1)*-8. Suppose 2*p = -p + h. Let b = 169 - 89. What is the greatest common factor of p and b?
16
Let a be 531/18 - 1/(-2). Let x = -11 - -17. What is the highest common factor of x and a?
6
Let z(x) = 12*x**2 + 2*x + 5. Let y be z(4). Let b = y + -95. Calculate the highest common divisor of b and 22.
22
Let k be (4/2)/(-2) + -6. Let b(y) = -5*y - 7. Let f be b(k). Calculate the highest common factor of f and 4.
4
Suppose 4*q - 23*q + 399 = 0. Calculate the highest common factor of q and 147.
21
Let l(d) be the first derivative of 9*d**4 + d**3/3 - d + 2. Let c be l(1). What is the highest common factor of c and 24?
12
Suppose 0 = -2*w + 6*w - 80. Let n = 6 + -4. Suppose n*s - 16 = -m - m, -3*s + 2*m + 34 = 0. Calculate the greatest common factor of s and w.
10
Let d be 498/54 - (-4)/(-18). Suppose 5*j - 21 = -6, -3*n + 1065 = -5*j. Suppose 0*f - n = -5*f. Calculate the highest common divisor of d and f.
9
Suppose 4*b - 3*k = -7*k - 4, 3*b + k = 5. Let z(f) = -7 + f**3 - 2*f**3 - b*f**2 + 2*f**3 - 6*f. Let r be z(5). What is the greatest common factor of r and 91?
13
Let s(z) = -5*z + 2. Let l(y) = 5*y - 3. Let t(o) = 3*l(o) + 4*s(o). Let q be t(-2). Let k = 147 + -48. Calculate the greatest common factor of k and q.
9
Suppose -c - 3*c = -4*n - 48, 2 = -n. Suppose -5*j + 6 = -2*j. Suppose j*p + p - 15 = 0. Calculate the highest common divisor of p and c.
5
Let h(f) = -2*f**2 - 3*f**3 + 2*f**3 - 4*f + 0*f**2 + 3. Let a be h(-5). Calculate the greatest common divisor of a and 14.
14
Suppose 0 - 10 = -n. Let w = n + 18. What is the greates